-b3b57
In base 3, what is 2120100211 + -11?
2120100200
In base 14, what is -431a4 + d?
-43195
In base 5, what is -14 - -200113?
200044
In base 3, what is -1120100 + -1210120?
-10100220
In base 4, what is 1113 + 220311?
222030
In base 6, what is 4020210 - 2?
4020204
In base 15, what is 8 - -221c?
2225
In base 10, what is -735 + 19?
-716
In base 10, what is 11 + -8913?
-8902
In base 8, what is 26 + -41564?
-41536
In base 4, what is 101202 - 333?
100203
In base 8, what is 33 + -20705?
-20652
In base 11, what is 2 + -694a4?
-694a2
In base 4, what is -3022 + 12?
-3010
In base 9, what is -4 + -403316?
-403321
In base 16, what is -2 + -6751c?
-6751e
In base 7, what is 564 + 62?
656
In base 15, what is 38 - 847?
-80e
In base 3, what is 100222212000 - -10?
100222212010
In base 4, what is 2322111111 - -1?
2322111112
In base 11, what is 524 + -36a?
165
In base 10, what is 28419 - 178?
28241
In base 12, what is 1606 + 8?
1612
In base 6, what is 20505 - -130?
21035
In base 8, what is 3 - 360350?
-360345
In base 5, what is -124431 + 14?
-124412
In base 4, what is -3020 - 2310?
-11330
In base 9, what is 2722 + -2?
2720
In base 7, what is -6234 + -1541?
-11105
In base 14, what is 927cb + -2?
927c9
In base 3, what is -2001 - -11122012?
11120011
In base 12, what is 8553 - 5?
854a
In base 7, what is 10524 - -2551?
13405
In base 13, what is -4 + -9a2b8?
-9a2bc
In base 9, what is 3734 + 121?
3855
In base 4, what is -1311 - 31300?
-33211
In base 7, what is -353052 - -23?
-353026
In base 5, what is 212 + 1222?
1434
In base 11, what is -1a1 - 2a9a?
-3190
In base 7, what is -13251 - 2?
-13253
In base 13, what is -3a - 2789?
-27c6
In base 7, what is 35640 + 63?
36033
In base 4, what is 130 - -212111?
212301
In base 16, what is 32f8d - -4?
32f91
In base 16, what is 37572d + -5?
375728
In base 16, what is -2c + 1d4a?
1d1e
In base 6, what is -22 + -224531?
-224553
In base 4, what is -123033302 + -1?
-123033303
In base 13, what is -3cc2 - -34?
-3c8b
In base 3, what is 1120012011 - -212?
1120020000
In base 6, what is 1220 - 1125?
51
In base 12, what is -3 - 881?
-884
In base 10, what is -39 + -506?
-545
In base 8, what is 36247 - 17?
36230
In base 7, what is -32 + -13146?
-13211
In base 15, what is 0 - -aa045?
aa045
In base 8, what is 14443101 - 1?
14443100
In base 9, what is 2338 + 32?
2371
In base 9, what is 2443035 + -5?
2443030
In base 11, what is 18a68 - -5?
18a72
In base 7, what is 13 - -344142?
344155
In base 10, what is -108730 - 3?
-108733
In base 6, what is 2 - -1330302?
1330304
In base 11, what is 25 - 605?
-590
In base 7, what is 2061032 - -5?
2061040
In base 8, what is 26506 - 5?
26501
In base 8, what is -1627 + 160?
-1447
In base 12, what is 96 - 22?
74
In base 14, what is 0 + 491a?
491a
In base 11, what is 75 - 857?
-792
In base 2, what is -11010110 + 1010000001?
110101011
In base 6, what is -5542 - 110?
-10052
In base 4, what is 10312111 - -2?
10312113
In base 9, what is -1833 + 2?
-1831
In base 12, what is 73 - 2418?
-2365
In base 12, what is 96038 + -25?
96013
In base 14, what is 459 - a41?
-5c6
In base 7, what is 215005 - -230?
215235
In base 11, what is 0 - 23882?
-23882
In base 14, what is -189a - -2bc?
-15bc
In base 7, what is 1005 + 11331?
12336
In base 3, what is 11120022 + -112?
11112210
In base 7, what is 163 + 2440?
2633
In base 15, what is -aa86 - 1?
-aa87
In base 14, what is -50b3 + -a?
-50bd
In base 8, what is -1606 + -777?
-2605
In base 15, what is -b + -1353e?
-1354a
In base 13, what is 5b424 - -4?
5b428
In base 3, what is -20201011 - -1021?
-20122220
In base 3, what is 1202 - 1111102?
-1102200
In base 6, what is -2 + 1444552?
1444550
In base 7, what is 5 - -42323?
42331
In base 16, what is 3 + -103d4?
-103d1
In base 9, what is 18 - 7556?
-7537
In base 11, what is -1 + 4548?
4547
In base 7, what is -6301 - -541?
-5430
In base 6, what is -3 - 232123?
-232130
In base 10, what is -39 + -25343?
-25382
In base 3, what is 12 - -1012002102?
1012002121
In base 8, what is 373154 + -37?
373115
In base 3, what is -20 + 210200021212?
210200021122
In base 3, what is 2220 + 210?
10200
In base 3, what is 1202221 + -2222?
1122222
In base 10, what is -216 + -822?
-1038
In base 14, what is -1b3 - -955?
782
In base 3, what is -10000110 + -221?
-10001101
In base 13, what is -590b - -25?
-58b6
In base 16, what is 2b - 2bc?
-291
In base 6, what is 1 - -243?
244
In base 16, what is 4 - 2fe?
-2fa
In base 4, what is 20000 + -12202?
1132
In base 7, what is -235566 + 2?
-235564
In base 8, what is 555314 - 2?
555312
In base 13, what is 409 - -57?
463
In base 13, what is -8 - -cc7?
cbc
In base 4, what is 0 - 1010201330?
-1010201330
In base 8, what is 22435 + -26?
22407
In base 15, what is 6cce + -92?
6c3c
In base 12, what is 2a1 + -64?
239
In base 8, what is 10335 + -1242?
7073
In base 8, what is 2 + 263341?
263343
In base 6, what is -510 + 1140?
230
In base 8, what is -170724 - -5?
-170717
In base 13, what is 6c5 + 117c?
1874
In base 3, what is 0 - 122211211?
-122211211
In base 4, what is 10 + 133012101?
133012111
In base 14, what is -37a1 - 5?
-37a6
In base 15, what is -1d4a - 18?
-1d63
In base 9, what is -4 + -455276?
-455281
In base 14, what is -118 + d?
-109
In base 2, what is -1 + -10101001001001?
-10101001001010
In base 13, what is -92007 - -1?
-92006
In base 12, what is b4920 + -4?
b4918
In base 16, what is 6272a + 0?
6272a
In base 7, what is 26214 - -66?
26313
In base 9, what is 53 + -4531?
-4467
In base 4, what is -10 + -2102021?
-2102031
In base 13, what is -1c - -122c4?
122a5
In base 12, what is -23a - 9?
-247
In base 9, what is 5568252 - 3?
5568248
In base 2, what is 10 + 11101010110101001?
11101010110101011
In base 15, what is 1aac + -4?
1aa8
In base 6, what is -20151051 - -3?
-20151044
In base 16, what is 3 - -986c?
986f
In base 3, what is -211101021202 + 0?
-211101021202
In base 9, what is -11873 - 7?
-11881
In base 7, what is 234616 - 2?
234614
In base 11, what is -1039 - 60?
-1099
In base 2, what is -110010 + 111100?
1010
In base 15, what is 36491 + -5?
3648b
In base 16, what is -4 - 1a79?
-1a7d
In base 12, what is -80 + b45a?
b39a
In base 8, what is -60 - 3626?
-3706
In base 9, what is -1184 - 81?
-1275
In base 5, what is -123404 + -4?
-123413
In base 11, what is 4 + 367560?
367564
In base 5, what is -2124 + 1034?
-1040
In base 9, what is 0 - 75744?
-75744
In base 11, what is -3 - -331107?
331104
In base 9, what is -612528 - -1?
-612527
In base 5, what is 14 + 1031?
1100
In base 6, what is -545 + -534?
-1523
In base 11, what is -1145 - -10?
-1135
In base 5, what is 2 + -44432?
-44430
In base 4, what is -3223312212 - 1?
-3223312213
In base 8, what is 1301240 + -10?
1301230
In base 9, what is -1 + -1314360?
-1314361
In base 12, what is 52ab5 - 4?
52ab1
In base 6, what is 201 - -35?
240
In base 7, what is -12 - -1041?
1026
In base 9, what is 10 - 13684?
-13674
In base 2, what is 100 - -100101100111?
100101101011
In base 13, what is -5 - -2470b1?
2470a9
In base 8, what is 1140 - 6022?
-4662
In base 4, what is -2000 - 20?
-2020
In base 15, what is 0 - d4db0?
-d4db0
In base 10, what is -13116 - -7?
-13109
In base 5, what is 1223030 - 103?
1222422
In base 6, what is -1 - -102313003?
102313002
In base 8, what is 13 + 1425?
1440
In base 10, what is -4 + -82213?
-82217
In base 9, what is 13 - -2608?
2622
In base 8, what is 3 + -33356?
-33353
In base 16, what is -1906 - -5e?
-18a8
In base 7, what is 4204 - 30?
4144
In base 4, what is -3102 + -11232?
-21000
In base 13, what is 538 + 20a?
745
In base 3, what is -10 + 11002210?
11002200
In base 7, what is -44046 + -145?
-44224
In base 9, what is -403650 + 4?
-403645
In base 7, what is 3065 + -21?
3044
In base 5, what is 14 - -101204?
101223
In base 6, what is -24203 - -1032?
-23131
In base 5, what is 2 - 21414411?
-21414404
In base 6, what is -4 + -4020424?
-4020432
In base 5, what is 10144241 - 12?
10144224
In base 6, what is -323 + 243?
-40
In base 2, what is 111101 + -1111111110000?
-1111110110011
In base 12, what is -437 - -157?
-2a0
In base 12, what is -63 + 16a?
107
In base 6, what is -524423 + -5?
-524432
In base 4, what is 100330 - -20312?
121302
In base 16, what is a7 + -cf5?
-c4e
In base 5, what is 0 + -32123?
-32123
In base 15, what is -495 - -35?
-460
In base 12, what is 1089853 + -3?
1089850
In bas